*2 - m - 3. Let d(l) = 5*n(l) + 7*x(l). Suppose 684 = -5*a - a. Let w = -109 - a. Determine d(w).
14
Let f(h) = 1 - 2 - h**2 + 0 + 8*h. Let t(k) = -k**3 - 17*k**2 - 36*k - 84. Let x be t(-15). What is f(x)?
11
Suppose 5*r + 0*r + 2*g - 4 = 0, -5*r = g - 7. Let a(q) be the second derivative of 0 - 3/10*q**5 + 1/2*q**r + 3*q + 1/6*q**4 - 1/3*q**3. Calculate a(1).
-5
Let d be 13/4 - (-5)/(-20). Let j(s) = 5 + 10*s + 8*s + 3*s - 12 - 20*s. Determine j(d).
-4
Let f(m) = -5*m + 3. Suppose 6 + 15 = 3*s. Suppose 12 + 9 = -s*k. Determine f(k).
18
Let o(z) = z**2 - 9 - 6*z + 15 - 3 + 1. Let n be (56/(-21))/((-4)/6). What is o(n)?
-4
Let r(g) = 2*g - 19. Let q(w) = 1. Let z(n) = 6*q(n) + r(n). Let d be z(7). Let t(k) = -k - d + 2 - 1. Give t(1).
-1
Let j = -6 - -4. Let m(g) be the third derivative of 5*g**4/24 - 7*g**3/6 - 54*g**2. Let k(c) = 5*c - 9. Let w(f) = -5*k(f) + 6*m(f). What is w(j)?
-7
Let m(v) be the first derivative of -2*v**2 - v + 2. Let d = -3866 - -3865. Give m(d).
3
Let l(s) = s - 5. Suppose 16*d - d + 150 = 0. Give l(d).
-15
Let n = -165 - -163. Let v(o) = 0*o - 3*o + 4*o. Calculate v(n).
-2
Let p(q) = -q**2 - 2*q + 2*q + 3*q**3 - 546 + 545. What is p(2)?
19
Suppose -5*n = -3*s - 162, s = -2*n + 72 - 16. Let i be (-6)/18 + n/9 + 0. Let y(r) = -r**2 + r. Determine y(i).
-6
Let j(a) = -a**3 - 2*a**2 - a - 1. Let x(m) = -6*m**3 - 19*m**2 - 13*m - 8. Let u(g) = -5*j(g) + x(g). Determine u(-8).
-3
Let b(o) = 11*o + 3*o + 2 + 0*o - 15*o. Calculate b(0).
2
Let w = 62 - 65. Let n(x) = 2*x. Let t(i) = -3*i. Let z(k) = 4*n(k) + 3*t(k). Calculate z(w).
3
Let d(q) = q - 2. Suppose 5*j + 38 + 12 = 0. Suppose o = -4 - 6. Let r be (4/o)/(1/j). What is d(r)?
2
Let s(o) be the third derivative of -o**5/120 - 3*o**3 + 20*o**2. Let u(q) be the first derivative of s(q). Calculate u(-1).
1
Let k(m) be the second derivative of -m**5/20 + m**4/2 - 5*m**3/6 + 2*m**2 - 80*m + 2. Calculate k(5).
4
Let d(j) be the first derivative of -j**2/2 - 32*j - 783. Give d(-13).
-19
Suppose 44 = 5*l + 34. Let f(z) = 0 + 4*z - 1 - 3*z**2 - 2. Calculate f(l).
-7
Suppose -48 = 11*j - 17*j. Let c(y) = -y**3 + 9*y**2 - 4*y - 8. Give c(j).
24
Let u(a) = 14*a**2 + 11*a + 3. Let m(g) be the second derivative of 5*g**4/12 + 2*g**3/3 + g**2/2 + 15*g. Let s(q) = 11*m(q) - 4*u(q). Calculate s(1).
-2
Let m(b) = -b**3 + 6*b**2 - b + 6. Let s(c) = -2*c**3 + 14*c**2 - 5*c + 13. Let d(o) = 7*m(o) - 3*s(o). Calculate d(-2).
-5
Let c = -72 + 80. Let h(k) = -3*k + 8. Give h(c).
-16
Let j(d) = -13*d - 1. Let p(i) = 3*i. Let k(h) = -2*j(h) - 9*p(h). Let g be ((-6)/(-9))/((-5)/45). Let f be (-34)/51 - (-26)/g. What is k(f)?
7
Let n(b) = -b**2 - 6. Suppose 5*u - 15 = 5. Determine n(u).
-22
Let a(o) = 2*o - 37. Let z(r) = 5*r - 79. Let w(i) = -13*a(i) + 6*z(i). Determine w(-5).
-13
Suppose 312*f = 293*f - 114. Let r(i) = -i**2 - 2*i - 12. Let g(a) = 2*a**2 + 5*a + 23. Let k(b) = -4*g(b) - 7*r(b). Determine k(f).
-8
Let n(k) = -k + 10. Suppose 4*p - 3*h - 188 = 0, -3*p - 3*h - 6 = -168. Suppose -4 = -2*u + 2, 5*u = -5*o + p. What is n(o)?
3
Let h(c) = 8*c + 70. Let v be h(-8). Let f(d) = d + 4. What is f(v)?
10
Let g(p) be the second derivative of -p**3 - 3/2*p**2 + 1/12*p**4 + 12*p + 0. Let u(k) = k + 1. Let j be u(5). Give g(j).
-3
Let k = 0 - -6. Let b(t) = t - 1. Let m be b(k). Let x(u) = m*u**2 + 0*u**3 + 1 + 0*u**3 - u + u**3. Calculate x(-5).
6
Let n(j) be the third derivative of 1/60*j**5 - 6*j**2 + 1/4*j**4 + 0*j + 0 + 1/3*j**3. Give n(-4).
-6
Let t(s) = 6*s**3 + 14*s**2 - 37*s + 19. Let y(h) = -h**3 - 3*h**2 + 7*h - 4. Let q(u) = -2*t(u) - 11*y(u). What is q(4)?
10
Let b(c) = c**3 - 2*c**2 - 2*c + 1. Let l be -1 + 4 + -4 - (-20)/5. What is b(l)?
4
Let f(a) be the first derivative of 3*a**2/2 + 100. Calculate f(3).
9
Let b be ((-4)/6)/(-2 + 3 + -5). Let t(i) be the second derivative of 0 + 0*i**2 - 7*i - b*i**3. Give t(0).
0
Let a(t) = 10*t**2 - t - 2. Let j be a(1). Let k(n) = n**3 - 7*n**2 - n - 1. Give k(j).
-8
Let i = 134 - 98. Suppose 4*r + 4*b = -i, 4*r + 7 = 4*b - 5. Let w(q) be the third derivative of q**4/8 + 4*q**3/3 + q**2. Give w(r).
-10
Let o(d) = -3*d - 44. Suppose 528*k - 524*k = -56. Give o(k).
-2
Let w be ((-5)/30)/((-5)/20)*-3. Let p(v) = -3*v**2 + 2*v. Determine p(w).
-16
Let l(v) = 19 - 32 + 73*v - 21 - 77*v. Calculate l(-9).
2
Let x(y) be the second derivative of -7*y**4/12 - y**3/6 - y - 17. Suppose 0 = 5*c - 4*t - 3, -4*c - 4*t = 12. What is x(c)?
-6
Let a(n) be the first derivative of -10*n + 23 - 1/2*n**2. What is a(-6)?
-4
Suppose 2*v - 3*i = -33, -25 - 17 = 3*v + 3*i. Let p = 11 + v. Let y(z) be the third derivative of z**5/60 + 5*z**4/24 + 6*z**2 + 45*z. Calculate y(p).
-4
Let f(b) = 3*b - 4. Let a(i) = 2*i - 2. Let j(v) = -5*a(v) + 3*f(v). Let t be (-1)/4 + 167/(-4) + -2. Let l = -50 - t. Give j(l).
4
Let b = 34 - 19. Let i = b - 11. Suppose 3*v - 4 = i*v + 4*a, a + 16 = -4*v. Let x(h) = -h**2 - 4*h + 5. Calculate x(v).
5
Let s(u) be the third derivative of u**5/30 - u**4/8 + u**3/6 + 68*u**2 + 8. Give s(-4).
45
Let q(b) = 3*b**2 - 8*b**2 + b + 4 - 2*b - 3. Give q(-2).
-17
Let n(x) be the third derivative of x**6/120 - x**5/15 - x**4/6 - 103*x**2 + 2*x. Calculate n(4).
-16
Let s be 2/3 + 14/(-3). Let i(p) be the second derivative of p**4/12 + 2*p**3/3 + 5*p**2/2 - p + 93. Give i(s).
5
Let v(s) = 23*s. Suppose -5*g + 13 = 8. Suppose -3*d + 4*m = g - 6, -4*m = 8. Calculate v(d).
-23
Let f(d) = -7*d + 11. Let q(u) be the first derivative of 2*u**2 - 5*u - 17. Let r(b) = 2*f(b) + 5*q(b). Give r(3).
15
Let c(v) be the third derivative of v**4/24 - v**3/2 - 7*v**2. Suppose 0 = 2*z - 12 - 28. Suppose -7*b + z = -3*b. Determine c(b).
2
Let m(o) = -o + 22. Let p = -49 + 69. Let w be m(p). Let c(z) = -5*z**2 + 4*z - 3. Calculate c(w).
-15
Let c(s) = s + 5. Let f(p) = -p**2 + 6*p - 5. Let i be f(3). Suppose 26 - 10 = -i*a. Give c(a).
1
Let u(o) = -o**3 + 4*o**2 - 7*o - 9. Let g(a) = -a**2 - a - 1. Let z(x) = -2*g(x) + u(x). Let p(l) = 5*l**3 + l**2 - 1. Let m be p(1). What is z(m)?
-7
Let l(i) = 111 - 8*i - 117 + 3*i - i**2. Let b(y) = y - 13. Let t be b(9). What is l(t)?
-2
Suppose 8*y - 9*y = 0. Let d(t) be the third derivative of t**2 - 1/8*t**4 + 0 - 2/3*t**3 + 1/60*t**5 + y*t. What is d(-3)?
14
Suppose h - 11 = 2*w, 3*h - 2*w - 13 = -0*h. Let i(m) = h - 28*m - 33*m + 60*m. Give i(1).
0
Let y(x) = 62*x**3 + x + 21*x**2 - 28*x**3 - 6 - 37*x**3 - 5 + 1. What is y(7)?
-3
Let x = -15 + 20. Let j(l) = 4*l + 2*l**2 + l**2 - 5*l**2 + x. What is j(4)?
-11
Let s(k) = 7 + 57*k - 55*k - 5. Calculate s(-4).
-6
Let q(s) = s**3 + 8*s**2 - 3*s - 23. Let v be q(-8). Let t(f) be the third derivative of -f**5/60 - f**4/24 + f**3/6 + 2*f**2. Give t(v).
-1
Let x(y) = -14*y - 7. Let r(d) = -11*d - 7. Let a(w) = 5*r(w) - 4*x(w). Determine a(11).
4
Suppose -5*g - 17 = m, 3*g - 2*g = -5*m + 11. Let d(r) = -3*r + 6 - m*r**2 - 4*r + 4*r**2. Calculate d(5).
-4
Let r(f) = -2 + 4*f - 2*f + 0*f**2 + 54*f**3 + 12*f**2 - 10*f**2 - 53*f**3. Suppose 3 = 4*g + 15. Calculate r(g).
-17
Suppose -586*z + 559*z = 108. Let b(f) = 2*f + 12. Determine b(z).
4
Suppose -58 = 8*k - 42. Let v(u) = 2*u**3 + 2*u**2 + 3*u + 2. Calculate v(k).
-12
Let g(p) = -p - 2. Let k(y) = y**2 + 15*y + 24. Let i(d) = 6*g(d) + k(d). Give i(-6).
-6
Suppose -14*x + 63 = 7*x. Let o(w) = 0*w + 3 + x - 2 - 3*w. Determine o(-5).
19
Let i(x) = 4*x**3 + 4*x**2 + 8*x + 5. Let q be i(-1). Let c(g) = -5*g - 13. Give c(q).
2
Let r(j) = j**3 - 7*j**2 + j. Let n be (51/(-6))/((-1)/6). Suppose -2*i = i - n. Suppose -3*t + 41 = 5*o, 2*t + i = -2*o + 5*o. Determine r(o).
7
Let x(s) = -2*s**2 + 23*s + 15. Let y(k) = 17*k - 6*k + k**2 + 0*k**2 + 8 - 2*k**2. Let m(c) = -3*x(c) + 7*y(c). Determine m(8).
11
Let g(b) = -47*b - 19. Let p(z) = 52*z + 21. Let c(w) = 9*g(w) + 8*p(w). Determine c(3).
-24
Let r(z) = -z**3 - z**2 - 35 + z + 3 + 11 + 13 + 10. What is r(0)?
2
Let n(r) = r**2 - r + 1. Let i(l) be the third derivative of l**6/30 - l**5/30 - 26*l**2. Let d be i(1). Give n(d).
3
Let f(o) = -3*o - 23. Suppose 0 = 4*g - 3*g + 5, 0 = -4*s + g - 35. Let q be f(s). Let p(u) = -u**3 + 8*u**2 - 7*u - 9. Give p(q).
-9
Let s be (9/18)/(2/4). Let n(t) = 3 + s - 5 - 7*t + 0. Let d(f) = -f**2 - 7*f - 7. Let y be d(-6). Give n(y).
6
Suppose 20*f - 80 = 60. 